 factors of 366128?
2, 7, 467
List the prime factors of 435569.
435569
What are the prime factors of 157603?
173, 911
List the prime factors of 723417.
3, 293, 823
List the prime factors of 5460003.
3, 251, 2417
List the prime factors of 2809097.
17, 149, 1109
What are the prime factors of 148028?
2, 23, 1609
List the prime factors of 3748965.
3, 5, 11, 22721
What are the prime factors of 331478?
2, 7, 23677
List the prime factors of 334387.
334387
What are the prime factors of 1688395?
5, 43, 7853
List the prime factors of 157753.
73, 2161
List the prime factors of 284582.
2, 19, 7489
What are the prime factors of 1726751?
13, 43, 3089
List the prime factors of 5604053.
7, 13, 61583
What are the prime factors of 2177502?
2, 3, 23, 31, 509
List the prime factors of 253896.
2, 3, 71, 149
List the prime factors of 477363.
3, 41, 3881
What are the prime factors of 32739?
3, 7, 1559
List the prime factors of 680158.
2, 340079
What are the prime factors of 3410813?
7, 293, 1663
What are the prime factors of 1975792?
2, 7, 13, 23, 59
What are the prime factors of 25406762?
2, 19, 668599
What are the prime factors of 15860080?
2, 5, 198251
List the prime factors of 158247.
3, 5861
List the prime factors of 8776316.
2, 743, 2953
List the prime factors of 1148115.
3, 5, 76541
List the prime factors of 1582403.
157, 10079
List the prime factors of 2359983.
3, 786661
What are the prime factors of 15719062?
2, 7859531
What are the prime factors of 190585?
5, 47, 811
What are the prime factors of 230856?
2, 3, 9619
What are the prime factors of 12938945?
5, 2587789
What are the prime factors of 119651?
7, 17093
List the prime factors of 255895.
5, 61, 839
What are the prime factors of 1682311?
1682311
What are the prime factors of 4075323?
3, 7, 47, 4129
What are the prime factors of 3181330?
2, 5, 79, 4027
What are the prime factors of 3035248?
2, 17, 11159
What are the prime factors of 12815770?
2, 5, 11, 116507
What are the prime factors of 747568?
2, 46723
List the prime factors of 4612836.
2, 3, 384403
What are the prime factors of 21080961?
3, 11, 31, 6869
List the prime factors of 293161.
11, 29, 919
What are the prime factors of 24765999?
3, 53, 109, 1429
What are the prime factors of 157508?
2, 13, 233
What are the prime factors of 313263?
3, 34807
List the prime factors of 1755219.
3, 585073
List the prime factors of 43249.
61, 709
List the prime factors of 455834.
2, 59, 3863
List the prime factors of 828147.
3, 276049
List the prime factors of 402121.
163, 2467
What are the prime factors of 758581?
317, 2393
List the prime factors of 73347.
3, 23, 1063
What are the prime factors of 1438263?
3, 53269
What are the prime factors of 498975?
3, 5, 6653
List the prime factors of 386148.
2, 3, 7, 4597
List the prime factors of 287813.
287813
What are the prime factors of 1714343?
293, 5851
List the prime factors of 847572.
2, 3, 11, 6421
List the prime factors of 420104.
2, 17, 3089
What are the prime factors of 163016?
2, 7, 41, 71
List the prime factors of 67062.
2, 3, 11177
List the prime factors of 4488154.
2, 11, 204007
List the prime factors of 5968363.
563, 10601
List the prime factors of 26580.
2, 3, 5, 443
List the prime factors of 9130337.
31, 383, 769
List the prime factors of 2091964.
2, 7, 74713
What are the prime factors of 179518?
2, 89759
List the prime factors of 9357360.
2, 3, 5, 127, 307
List the prime factors of 341774.
2, 170887
What are the prime factors of 8712300?
2, 3, 5, 113, 257
List the prime factors of 2869408.
2, 89669
List the prime factors of 15477309.
3, 1719701
What are the prime factors of 753182?
2, 359, 1049
List the prime factors of 13185856.
2, 179, 1151
What are the prime factors of 205707?
3, 191, 359
List the prime factors of 2712640.
2, 5, 7, 173
List the prime factors of 103536.
2, 3, 719
What are the prime factors of 363874?
2, 7, 47, 79
What are the prime factors of 144712?
2, 18089
What are the prime factors of 1236868?
2, 373, 829
What are the prime factors of 3709558?
2, 1854779
What are the prime factors of 46204?
2, 11551
List the prime factors of 2034609.
3, 678203
What are the prime factors of 997702?
2, 223, 2237
What are the prime factors of 389031?
3, 103, 1259
What are the prime factors of 16325?
5, 653
List the prime factors of 1032568.
2, 337, 383
What are the prime factors of 12987757?
83, 167, 937
List the prime factors of 686164.
2, 171541
What are the prime factors of 40459390?
2, 5, 449, 9011
What are the prime factors of 1851420?
2, 3, 5, 59, 523
What are the prime factors of 4012333?
13, 308641
What are the prime factors of 9114902?
2, 107, 191, 223
What are the prime factors of 3155714?
2, 103, 15319
What are the prime factors of 493474?
2, 137, 1801
What are the prime factors of 148323?
3, 7, 1009
List the prime factors of 595697.
17, 67, 523
What are the prime factors of 323303?
271, 1193
What are the prime factors of 2673287?
37, 72251
What are the prime factors of 92377?
92377
What are the prime factors of 65681?
7, 11, 853
What are the prime factors of 72600?
2, 3, 5, 11
What are the prime factors of 329480?
2, 5, 8237
What are the prime factors of 1423051?
7, 203293
List the prime factors of 328615.
5, 7, 41, 229
List the prime factors of 8306711.
7, 1186673
List the prime factors of 38962.
2, 7, 11, 23
List the prime factors of 250039.
61, 4099
What are the prime factors of 760640?
2, 5, 2377
List the prime factors of 2463704.
2, 223, 1381
What are the prime factors of 214668?
2, 3, 67, 89
What are the prime factors of 512919?
3, 11, 157
What are the prime factors of 31629170?
2, 5, 643, 4919
What are the prime factors of 647029?
107, 6047
What are the prime factors of 1367254?
2, 7, 61, 1601
What are the prime factors of 645314?
2, 307, 1051
List the prime factors of 44551.
13, 23, 149
List the prime factors of 340569.
3, 79, 479
List the prime factors of 7229450.
2, 5, 144589
List the prime factors of 970833.
3, 29, 11159
What are the prime factors of 725175?
3, 5, 11, 293
What are the prime factors of 8208009?
3, 701, 1301
What are the prime factors of 133561?
23, 5807
List the prime factors of 482952.
2, 3, 20123
What are the prime factors of 1242138?
2, 3, 23, 9001
What are the prime factors of 11332103?
89, 157, 811
List the prime factors of 65227.
19, 3433
What are the prime factors of 4470817?
13, 331, 1039
What are the prime factors of 1004058?
2, 3, 11, 461
List the prime factors of 371490.
2, 3, 5, 7, 29, 61
List the prime factors of 9994055.
5, 67, 29833
List the prime factors of 716800.
2, 5, 7
What are the prime factors of 21991567?
13, 1691659
List the prime factors of 27182683.
11, 2471153
List the prime factors of 496822.
2, 43, 53, 109
What are the prime factors of 63813?
3, 89, 239
List the prime factors of 8723362.
2, 139, 31379
List the prime factors of 45613773.
3, 187711
List the prime factors of 723858.
2, 3, 223, 541
What are the prime factors of 4172285?
5, 13, 64189
What are the prime factors of 513442?
2, 256721
What are the prime factors of 516370?
2, 5, 51637
List the prime factors of 100964.
2, 43, 587
What are the prime factors of 293460?
2, 3, 5, 67, 73
What are the prime factors of 13572999?
3, 11, 71, 1931
List the prime factors of 7646.
2, 3823
List the prime factors of 6593973.
3, 967, 2273
List the prime factors of 23481367.
7, 13, 23, 863
What are the prime factors of 3855729?
3, 1039, 1237
What are the prime factors of 1243281?
3, 13, 71, 449
List the prime factors of 160789.
160789
What are the prime factors of 10808199?
3, 179, 6709
What are the prime factors of 29595580?
2, 5, 7, 59, 3583
What are the prime factors of 496109?
19, 26111
What are the prime factors of 37734909?
3, 12578303
What are the prime factors of 1905987?
3, 23, 1201
What are the prime factors of 2881658?
2, 13, 137, 809
What are the prime factors of 476375?
5, 37, 103
List the prime factors of 4194456.
2, 3, 7, 24967
List the prime factors of 59912.
2, 7489
What are the prime factors of 50756?
2, 12689
List the prime factors of 307482.
2, 3, 7, 7321
List the prime factors of 17110318.
2, 8555159
List the prime factors of 73876.
2, 11, 23, 73
What are the prime factors of 1172888?
2, 271, 541
List the prime factors of 2407519.
2407519
What are the prime factors 